{"id":969,"date":"2018-06-29T11:11:06","date_gmt":"2018-06-29T11:11:06","guid":{"rendered":"http:\/\/epinut.umh.es\/?page_id=969"},"modified":"2018-07-13T08:56:56","modified_gmt":"2018-07-13T08:56:56","slug":"publicaciones-disa","status":"publish","type":"page","link":"https:\/\/epinut.umh.es\/en\/publicaciones-disa\/","title":{"rendered":"Publications DiSA"},"content":{"rendered":"<p><\/p>\n<h5><strong><span style=\"color: #008080;\">PUBLICATIONS<\/span><\/strong><\/h5>\n<hr \/>\n<p><span style=\"color: #5e5b5b;\">1.- Savanne FR, Navarrete-mu\u00f1oz EM, Garc\u00eda De La Hera M<i>, <\/i>Gimenez-Monzo D, Gonz\u00e1lez-Palacios S, Valera-Gran D, Sempere-Orts M, Vioque J. <strong>Validez del peso y talla auto-referido en poblaci\u00f3n universitaria y factores asociados a las discrepancias entre valores declarados y medidos.<\/strong><span style=\"color: #008080;\">\u00a0<a style=\"color: #008080;\" href=\"http:\/\/www.ncbi.nlm.nih.gov\/pubmed\/?term=Validez+del+peso+y+talla+auto-referido+en+poblaci%C3%B3n+universitaria+y+factores+asociados+a+las+discrepancias+entre+valores+declarados+y+medidos\" target=\"_blank\">Nutr Hosp. 2013 Septiembre-Octubre;28(5):1633-1638.<\/a><\/span><\/span><\/p>\n<hr \/>\n<p>2.-\u00a0Mart\u00ednez-Moy\u00e1 M, Navarrete-mu\u00f1oz EM, Garc\u00eda De La Hera M, Gimenez-Monzo D, Gonz\u00e1lez-Palacios S, Valera-Gran D, Sempere-Orts M, Vioque J. <strong>Asociaci\u00f3n entre horas de televisi\u00f3n, actividad f\u00edsica, horas de sue\u00f1o y exceso de peso en poblaci\u00f3n adulta joven.<\/strong>\u00a0<span style=\"color: #008080;\"><a style=\"color: #008080;\" href=\"http:\/\/www.ncbi.nlm.nih.gov\/pubmed\/24472533\" target=\"_blank\">\u00a0Gac Sanit. 2014 Jan 25. pii: S0213-9111(13)<\/a><\/span><\/p>\n<hr \/>\n<p>3.- Barrios-Vicedo R,\u00a0Navarrete-Mu\u00f1oz EM,\u00a0Garc\u00eda de la Hera M,\u00a0Gonz\u00e1lez-Palacios S,\u00a0Valera-Gran D,\u00a0Checa-Sevilla JF,\u00a0Gimenez-Monzo D,\u00a0Vioque J. <strong>Una menor adherencia a la dieta mediterr\u00e1nea se asocia a una peor salud auto-percibida en poblaci\u00f3n universitaria.<\/strong> <span style=\"color: #008080;\"><a style=\"color: #008080;\" href=\"http:\/\/www.aulamedica.es\/gdcr\/index.php\/nh\/article\/view\/7874\" target=\"_blank\">Nutr Hosp.\u00a02014 Sep 15;31(2):785-92.<\/a><\/span><\/p>\n<hr \/>\n<p>4.- Scholz A, Navarrete-Mu\u00f1oz EM, Garcia de la Hera M, Gimenez-Monzo D, Gonzalez-Palacios S, Valera-Gran D, Torres-Collado L, Vioque J. \u00a0<strong>Alcohol consumption and Mediterranean Diet adherence among health science students in Spain: the DiSA-UMH Study.<\/strong>\u00a0\u00a0<span style=\"color: #008080;\"><a style=\"color: #008080;\" href=\"http:\/\/gacetasanitaria.org\/es\/alcohol-consumption-mediterranean-diet-adherence\/avance\/S021391111500237X\/\" target=\"_blank\"><span class=\"jrnl\" title=\"Gaceta sanitaria \/ S.E.S.P.A.S\">Gac Sanit<\/span>. 2016 Mar-Apr;30(2):126-32<\/a><\/span><\/p>\n<hr \/>\n<p>5.-Navarrete-Mu\u00f1oz EM, Valera-Gran D, Gonzalez-Palacios S, Garc\u00eda de la Hera M, Gimenez-Monzo D,\u00a0 Torres-Collado L, Vioque J. <strong>The DiSA-UMH Study: A prospective cohort study in health science students from Miguel Hern\u00e1ndez University.<\/strong> <span style=\"color: #008080;\"><a style=\"color: #008080;\" href=\"http:\/\/renhyd.org\/index.php\/renhyd\/article\/view\/188\" target=\"_blank\">Rev Esp Nutr Hum Diet. 2016; 20(1): 69 \u2013 76<\/a><\/span><\/p>\n<hr \/>\n<p>6.-Navarrete-Mu\u00f1oz EM,\u00a0Torres-Collado L,\u00a0Valera-Gran D,\u00a0Gonzalez-Palacios S, Compa\u00f1-Gabucio LM, Hern\u00e1ndez S\u00e1nchez H, Garc\u00eda de la Hera M.\u00a0<strong>Nutrition Labelling Use and Higher Adherence to Mediterranean Diet: Results from the DiSA-UMH Study.\u00a0<\/strong><span style=\"color: #008080;\"><a style=\"color: #008080;\" href=\"https:\/\/www.ncbi.nlm.nih.gov\/pubmed\/29614009\">Nutrients. 2018 Apr 3;10(4). pii: E442.<\/a><\/span><\/p>\n<hr \/>\n<p>&nbsp;<\/p>\n<p><a href=\"http:\/\/epinut.umh.es\/?p=120\"><strong><span style=\"color: #008080;\">&lt;&lt;Back<\/span><\/strong><\/a><\/p>","protected":false},"excerpt":{"rendered":"<p>PUBLICATIONS 1.- Savanne FR, Navarrete-mu\u00f1oz EM, Garc\u00eda De La Hera M, Gimenez-Monzo D, Gonz\u00e1lez-Palacios S, Valera-Gran D, Sempere-Orts M, Vioque J. Validez del peso y talla auto-referido en poblaci\u00f3n universitaria y factores asociados a las discrepancias entre valores declarados y medidos.\u00a0Nutr Hosp. 2013 Septiembre-Octubre;28(5):1633-1638. 2.-\u00a0Mart\u00ednez-Moy\u00e1 M, Navarrete-mu\u00f1oz EM, Garc\u00eda De La Hera M, Gimenez-Monzo D, [&hellip;]<\/p>\n","protected":false},"author":163,"featured_media":0,"parent":0,"menu_order":0,"comment_status":"closed","ping_status":"closed","template":"","meta":{"_et_pb_use_builder":"","_et_pb_old_content":"","_et_gb_content_width":"","_links_to":"","_links_to_target":""},"yoast_head":"<!-- This site is optimized with the Yoast SEO plugin v17.5 - https:\/\/yoast.com\/wordpress\/plugins\/seo\/ -->\n<title>Publications DiSA - Unidad de epidemiolog\u00eda de la nutrici\u00f3n<\/title>\n<meta name=\"robots\" content=\"index, follow, max-snippet:-1, max-image-preview:large, max-video-preview:-1\" \/>\n<link rel=\"canonical\" href=\"https:\/\/epinut.umh.es\/en\/publicaciones-disa\/\" \/>\n<meta property=\"og:locale\" content=\"en_US\" \/>\n<meta property=\"og:type\" content=\"article\" \/>\n<meta property=\"og:title\" content=\"Publications DiSA - Unidad de epidemiolog\u00eda de la nutrici\u00f3n\" \/>\n<meta property=\"og:description\" content=\"PUBLICATIONS 1.- Savanne FR, Navarrete-mu\u00f1oz EM, Garc\u00eda De La Hera M, Gimenez-Monzo D, Gonz\u00e1lez-Palacios S, Valera-Gran D, Sempere-Orts M, Vioque J. Validez del peso y talla auto-referido en poblaci\u00f3n universitaria y factores asociados a las discrepancias entre valores declarados y medidos.\u00a0Nutr Hosp. 2013 Septiembre-Octubre;28(5):1633-1638. 2.-\u00a0Mart\u00ednez-Moy\u00e1 M, Navarrete-mu\u00f1oz EM, Garc\u00eda De La Hera M, Gimenez-Monzo D, [&hellip;]\" \/>\n<meta property=\"og:url\" content=\"https:\/\/epinut.umh.es\/en\/publicaciones-disa\/\" \/>\n<meta property=\"og:site_name\" content=\"Unidad de epidemiolog\u00eda de la nutrici\u00f3n\" \/>\n<meta property=\"article:modified_time\" content=\"2018-07-13T08:56:56+00:00\" \/>\n<meta name=\"twitter:card\" content=\"summary\" \/>\n<meta name=\"twitter:label1\" content=\"Est. reading time\" \/>\n\t<meta name=\"twitter:data1\" content=\"3 minutes\" \/>\n<script type=\"application\/ld+json\" class=\"yoast-schema-graph\">{\"@context\":\"https:\/\/schema.org\",\"@graph\":[{\"@type\":\"WebSite\",\"@id\":\"https:\/\/epinut.umh.es\/en\/#website\",\"url\":\"https:\/\/epinut.umh.es\/en\/\",\"name\":\"Unidad de epidemiolog\\u00eda de la nutrici\\u00f3n\",\"description\":\"Universidad Miguel Hern\\u00e1ndez de Elche\",\"potentialAction\":[{\"@type\":\"SearchAction\",\"target\":{\"@type\":\"EntryPoint\",\"urlTemplate\":\"https:\/\/epinut.umh.es\/en\/?s={search_term_string}\"},\"query-input\":\"required name=search_term_string\"}],\"inLanguage\":\"en-US\"},{\"@type\":\"WebPage\",\"@id\":\"https:\/\/epinut.umh.es\/en\/publicaciones-disa\/#webpage\",\"url\":\"https:\/\/epinut.umh.es\/en\/publicaciones-disa\/\",\"name\":\"Publications DiSA - Unidad de epidemiolog\\u00eda de la nutrici\\u00f3n\",\"isPartOf\":{\"@id\":\"https:\/\/epinut.umh.es\/en\/#website\"},\"datePublished\":\"2018-06-29T11:11:06+00:00\",\"dateModified\":\"2018-07-13T08:56:56+00:00\",\"breadcrumb\":{\"@id\":\"https:\/\/epinut.umh.es\/en\/publicaciones-disa\/#breadcrumb\"},\"inLanguage\":\"en-US\",\"potentialAction\":[{\"@type\":\"ReadAction\",\"target\":[\"https:\/\/epinut.umh.es\/en\/publicaciones-disa\/\"]}]},{\"@type\":\"BreadcrumbList\",\"@id\":\"https:\/\/epinut.umh.es\/en\/publicaciones-disa\/#breadcrumb\",\"itemListElement\":[{\"@type\":\"ListItem\",\"position\":1,\"name\":\"Home\",\"item\":\"https:\/\/epinut.umh.es\/\"},{\"@type\":\"ListItem\",\"position\":2,\"name\":\"Publications DiSA\"}]}]}<\/script>\n<!-- \/ Yoast SEO plugin. -->","yoast_head_json":{"title":"Publications DiSA - Unidad de epidemiolog\u00eda de la nutrici\u00f3n","robots":{"index":"index","follow":"follow","max-snippet":"max-snippet:-1","max-image-preview":"max-image-preview:large","max-video-preview":"max-video-preview:-1"},"canonical":"https:\/\/epinut.umh.es\/en\/publicaciones-disa\/","og_locale":"en_US","og_type":"article","og_title":"Publications DiSA - Unidad de epidemiolog\u00eda de la nutrici\u00f3n","og_description":"PUBLICATIONS 1.- Savanne FR, Navarrete-mu\u00f1oz EM, Garc\u00eda De La Hera M, Gimenez-Monzo D, Gonz\u00e1lez-Palacios S, Valera-Gran D, Sempere-Orts M, Vioque J. Validez del peso y talla auto-referido en poblaci\u00f3n universitaria y factores asociados a las discrepancias entre valores declarados y medidos.\u00a0Nutr Hosp. 2013 Septiembre-Octubre;28(5):1633-1638. 2.-\u00a0Mart\u00ednez-Moy\u00e1 M, Navarrete-mu\u00f1oz EM, Garc\u00eda De La Hera M, Gimenez-Monzo D, [&hellip;]","og_url":"https:\/\/epinut.umh.es\/en\/publicaciones-disa\/","og_site_name":"Unidad de epidemiolog\u00eda de la nutrici\u00f3n","article_modified_time":"2018-07-13T08:56:56+00:00","twitter_card":"summary","twitter_misc":{"Est. reading time":"3 minutes"},"schema":{"@context":"https:\/\/schema.org","@graph":[{"@type":"WebSite","@id":"https:\/\/epinut.umh.es\/en\/#website","url":"https:\/\/epinut.umh.es\/en\/","name":"Unidad de epidemiolog\u00eda de la nutrici\u00f3n","description":"Universidad Miguel Hern\u00e1ndez de Elche","potentialAction":[{"@type":"SearchAction","target":{"@type":"EntryPoint","urlTemplate":"https:\/\/epinut.umh.es\/en\/?s={search_term_string}"},"query-input":"required name=search_term_string"}],"inLanguage":"en-US"},{"@type":"WebPage","@id":"https:\/\/epinut.umh.es\/en\/publicaciones-disa\/#webpage","url":"https:\/\/epinut.umh.es\/en\/publicaciones-disa\/","name":"Publications DiSA - Unidad de epidemiolog\u00eda de la nutrici\u00f3n","isPartOf":{"@id":"https:\/\/epinut.umh.es\/en\/#website"},"datePublished":"2018-06-29T11:11:06+00:00","dateModified":"2018-07-13T08:56:56+00:00","breadcrumb":{"@id":"https:\/\/epinut.umh.es\/en\/publicaciones-disa\/#breadcrumb"},"inLanguage":"en-US","potentialAction":[{"@type":"ReadAction","target":["https:\/\/epinut.umh.es\/en\/publicaciones-disa\/"]}]},{"@type":"BreadcrumbList","@id":"https:\/\/epinut.umh.es\/en\/publicaciones-disa\/#breadcrumb","itemListElement":[{"@type":"ListItem","position":1,"name":"Home","item":"https:\/\/epinut.umh.es\/"},{"@type":"ListItem","position":2,"name":"Publications DiSA"}]}]}},"_links":{"self":[{"href":"https:\/\/epinut.umh.es\/en\/wp-json\/wp\/v2\/pages\/969"}],"collection":[{"href":"https:\/\/epinut.umh.es\/en\/wp-json\/wp\/v2\/pages"}],"about":[{"href":"https:\/\/epinut.umh.es\/en\/wp-json\/wp\/v2\/types\/page"}],"author":[{"embeddable":true,"href":"https:\/\/epinut.umh.es\/en\/wp-json\/wp\/v2\/users\/163"}],"replies":[{"embeddable":true,"href":"https:\/\/epinut.umh.es\/en\/wp-json\/wp\/v2\/comments?post=969"}],"version-history":[{"count":0,"href":"https:\/\/epinut.umh.es\/en\/wp-json\/wp\/v2\/pages\/969\/revisions"}],"wp:attachment":[{"href":"https:\/\/epinut.umh.es\/en\/wp-json\/wp\/v2\/media?parent=969"}],"curies":[{"name":"wp","href":"https:\/\/api.w.org\/{rel}","templated":true}]}}

<p></p>
<h5><strong><span style="color: #008080;">PUBLICATIONS</span></strong></h5>
<hr />
<p><span style="color: #5e5b5b;">1.- Savanne FR, Navarrete-muñoz EM, García De La Hera M<i>, </i>Gimenez-Monzo D, González-Palacios S, Valera-Gran D, Sempere-Orts M, Vioque J. <strong>Validez del peso y talla auto-referido en población universitaria y factores asociados a las discrepancias entre valores declarados y medidos.</strong><span style="color: #008080;"> <a style="color: #008080;" href="http://www.ncbi.nlm.nih.gov/pubmed/?term=Validez+del+peso+y+talla+auto-referido+en+poblaci%C3%B3n+universitaria+y+factores+asociados+a+las+discrepancias+entre+valores+declarados+y+medidos" target="_blank">Nutr Hosp. 2013 Septiembre-Octubre;28(5):1633-1638.</a></span></span></p>
<hr />
<p>2.- Martínez-Moyá M, Navarrete-muñoz EM, García De La Hera M, Gimenez-Monzo D, González-Palacios S, Valera-Gran D, Sempere-Orts M, Vioque J. <strong>Asociación entre horas de televisión, actividad física, horas de sueño y exceso de peso en población adulta joven.</strong> <span style="color: #008080;"><a style="color: #008080;" href="http://www.ncbi.nlm.nih.gov/pubmed/24472533" target="_blank"> Gac Sanit. 2014 Jan 25. pii: S0213-9111(13)</a></span></p>
<hr />
<p>3.- Barrios-Vicedo R, Navarrete-Muñoz EM, García de la Hera M, González-Palacios S, Valera-Gran D, Checa-Sevilla JF, Gimenez-Monzo D, Vioque J. <strong>Una menor adherencia a la dieta mediterránea se asocia a una peor salud auto-percibida en población universitaria.</strong> <span style="color: #008080;"><a style="color: #008080;" href="http://www.aulamedica.es/gdcr/index.php/nh/article/view/7874" target="_blank">Nutr Hosp. 2014 Sep 15;31(2):785-92.</a></span></p>
<hr />
<p>4.- Scholz A, Navarrete-Muñoz EM, Garcia de la Hera M, Gimenez-Monzo D, Gonzalez-Palacios S, Valera-Gran D, Torres-Collado L, Vioque J.  <strong>Alcohol consumption and Mediterranean Diet adherence among health science students in Spain: the DiSA-UMH Study.</strong>  <span style="color: #008080;"><a style="color: #008080;" href="http://gacetasanitaria.org/es/alcohol-consumption-mediterranean-diet-adherence/avance/S021391111500237X/" target="_blank"><span class="jrnl" title="Gaceta sanitaria / S.E.S.P.A.S">Gac Sanit</span>. 2016 Mar-Apr;30(2):126-32</a></span></p>
<hr />
<p>5.-Navarrete-Muñoz EM, Valera-Gran D, Gonzalez-Palacios S, García de la Hera M, Gimenez-Monzo D,  Torres-Collado L, Vioque J. <strong>The DiSA-UMH Study: A prospective cohort study in health science students from Miguel Hernández University.</strong> <span style="color: #008080;"><a style="color: #008080;" href="http://renhyd.org/index.php/renhyd/article/view/188" target="_blank">Rev Esp Nutr Hum Diet. 2016; 20(1): 69 – 76</a></span></p>
<hr />
<p>6.-Navarrete-Muñoz EM, Torres-Collado L, Valera-Gran D, Gonzalez-Palacios S, Compañ-Gabucio LM, Hernández Sánchez H, García de la Hera M. <strong>Nutrition Labelling Use and Higher Adherence to Mediterranean Diet: Results from the DiSA-UMH Study. </strong><span style="color: #008080;"><a style="color: #008080;" href="https://www.ncbi.nlm.nih.gov/pubmed/29614009">Nutrients. 2018 Apr 3;10(4). pii: E442.</a></span></p>
<hr />
<p>&nbsp;</p>
<p><a href="http://epinut.umh.es/?p=120"><strong><span style="color: #008080;">&lt;&lt;Back</span></strong></a></p>

<p>PUBLICATIONS 1.- Savanne FR, Navarrete-muñoz EM, García De La Hera M, Gimenez-Monzo D, González-Palacios S, Valera-Gran D, Sempere-Orts M, Vioque J. Validez del peso y talla auto-referido en población universitaria y factores asociados a las discrepancias entre valores declarados y medidos. Nutr Hosp. 2013 Septiembre-Octubre;28(5):1633-1638. 2.- Martínez-Moyá M, Navarrete-muñoz EM, García De La Hera M, Gimenez-Monzo D, [&hellip;]</p>

<!-- This site is optimized with the Yoast SEO plugin v17.5 - https://yoast.com/wordpress/plugins/seo/ -->
<title>Publications DiSA - Unidad de epidemiología de la nutrición</title>
<meta name="robots" content="index, follow, max-snippet:-1, max-image-preview:large, max-video-preview:-1" />
<link rel="canonical" href="https://epinut.umh.es/en/publicaciones-disa/" />
<meta property="og:locale" content="en_US" />
<meta property="og:type" content="article" />
<meta property="og:title" content="Publications DiSA - Unidad de epidemiología de la nutrición" />
<meta property="og:description" content="PUBLICATIONS 1.- Savanne FR, Navarrete-muñoz EM, García De La Hera M, Gimenez-Monzo D, González-Palacios S, Valera-Gran D, Sempere-Orts M, Vioque J. Validez del peso y talla auto-referido en población universitaria y factores asociados a las discrepancias entre valores declarados y medidos. Nutr Hosp. 2013 Septiembre-Octubre;28(5):1633-1638. 2.- Martínez-Moyá M, Navarrete-muñoz EM, García De La Hera M, Gimenez-Monzo D, [&hellip;]" />
<meta property="og:url" content="https://epinut.umh.es/en/publicaciones-disa/" />
<meta property="og:site_name" content="Unidad de epidemiología de la nutrición" />
<meta property="article:modified_time" content="2018-07-13T08:56:56+00:00" />
<meta name="twitter:card" content="summary" />
<meta name="twitter:label1" content="Est. reading time" />
	<meta name="twitter:data1" content="3 minutes" />
<script type="application/ld+json" class="yoast-schema-graph">{"@context":"https://schema.org","@graph":[{"@type":"WebSite","@id":"https://epinut.umh.es/en/#website","url":"https://epinut.umh.es/en/","name":"Unidad de epidemiolog\u00eda de la nutrici\u00f3n","description":"Universidad Miguel Hern\u00e1ndez de Elche","potentialAction":[{"@type":"SearchAction","target":{"@type":"EntryPoint","urlTemplate":"https://epinut.umh.es/en/?s={search_term_string}"},"query-input":"required name=search_term_string"}],"inLanguage":"en-US"},{"@type":"WebPage","@id":"https://epinut.umh.es/en/publicaciones-disa/#webpage","url":"https://epinut.umh.es/en/publicaciones-disa/","name":"Publications DiSA - Unidad de epidemiolog\u00eda de la nutrici\u00f3n","isPartOf":{"@id":"https://epinut.umh.es/en/#website"},"datePublished":"2018-06-29T11:11:06+00:00","dateModified":"2018-07-13T08:56:56+00:00","breadcrumb":{"@id":"https://epinut.umh.es/en/publicaciones-disa/#breadcrumb"},"inLanguage":"en-US","potentialAction":[{"@type":"ReadAction","target":["https://epinut.umh.es/en/publicaciones-disa/"]}]},{"@type":"BreadcrumbList","@id":"https://epinut.umh.es/en/publicaciones-disa/#breadcrumb","itemListElement":[{"@type":"ListItem","position":1,"name":"Home","item":"https://epinut.umh.es/"},{"@type":"ListItem","position":2,"name":"Publications DiSA"}]}]}</script>
<!-- / Yoast SEO plugin. -->

Publications DiSA - Unidad de epidemiología de la nutrición

PUBLICATIONS 1.- Savanne FR, Navarrete-muñoz EM, García De La Hera M, Gimenez-Monzo D, González-Palacios S, Valera-Gran D, Sempere-Orts M, Vioque J. Validez del peso y talla auto-referido en población universitaria y factores asociados a las discrepancias entre valores declarados y medidos. Nutr Hosp. 2013 Septiembre-Octubre;28(5):1633-1638. 2.- Martínez-Moyá M, Navarrete-muñoz EM, García De La Hera M, Gimenez-Monzo D, [&hellip;]

Unidad de epidemiología de la nutrición

Universidad Miguel Hernández de Elche
